{"id":19,"date":"2025-03-06T10:39:33","date_gmt":"2025-03-06T10:39:33","guid":{"rendered":"https:\/\/kirkeband.fi\/?page_id=19"},"modified":"2026-04-07T08:32:31","modified_gmt":"2026-04-07T08:32:31","slug":"lorem-ipsum","status":"publish","type":"page","link":"https:\/\/kirkeband.fi\/","title":{"rendered":"Kirke"},"content":{"rendered":"\t\t<div data-elementor-type=\"wp-page\" data-elementor-id=\"19\" class=\"elementor elementor-19\">\n\t\t\t\t<div class=\"elementor-element elementor-element-8c857e8 e-con-full e-flex e-con e-parent\" data-id=\"8c857e8\" data-element_type=\"container\" data-e-type=\"container\" data-settings=\"{&quot;background_background&quot;:&quot;classic&quot;}\">\n\t\t\t\t<div class=\"elementor-element elementor-element-483ee2d elementor-widget elementor-widget-heading\" data-id=\"483ee2d\" data-element_type=\"widget\" data-e-type=\"widget\" id=\"uutiset\" data-widget_type=\"heading.default\">\n\t\t\t\t<div class=\"elementor-widget-container\">\n\t\t\t\t\t<h2 class=\"elementor-heading-title elementor-size-default\">UUTISET<\/h2>\t\t\t\t<\/div>\n\t\t\t\t<\/div>\n\t\t\t\t<div class=\"elementor-element elementor-element-107a212 elementor-widget elementor-widget-text-editor\" data-id=\"107a212\" data-element_type=\"widget\" data-e-type=\"widget\" data-widget_type=\"text-editor.default\">\n\t\t\t\t<div class=\"elementor-widget-container\">\n\t\t\t\t\t\t\t\t\t<p><span style=\"color: #99b5c1;\"><strong>7.4.2026\u00a0 \u00a0 \u00a0<\/strong><\/span>Tuore singlemme Demoni on nyt ulkona! <a href=\"https:\/\/push.fm\/fl\/kirke-demoni\" target=\"_blank\" rel=\"noopener\">Kuuntele!\u00a0<\/a><\/p>\t\t\t\t\t\t\t\t<\/div>\n\t\t\t\t<\/div>\n\t\t\t\t<div class=\"elementor-element elementor-element-3bc5a13 elementor-widget elementor-widget-video\" data-id=\"3bc5a13\" data-element_type=\"widget\" data-e-type=\"widget\" data-settings=\"{&quot;youtube_url&quot;:&quot;https:\\\/\\\/www.youtube.com\\\/watch?v=ZJWRsb-Pk6c&quot;,&quot;video_type&quot;:&quot;youtube&quot;,&quot;controls&quot;:&quot;yes&quot;}\" data-widget_type=\"video.default\">\n\t\t\t\t<div class=\"elementor-widget-container\">\n\t\t\t\t\t\t\t<div class=\"elementor-wrapper elementor-open-inline\">\n\t\t\t<div class=\"elementor-video\"><\/div>\t\t<\/div>\n\t\t\t\t\t\t<\/div>\n\t\t\t\t<\/div>\n\t\t<div class=\"elementor-element elementor-element-8e9eb64 e-con-full e-flex e-con e-child\" data-id=\"8e9eb64\" data-element_type=\"container\" data-e-type=\"container\">\n\t\t\t\t<div class=\"elementor-element elementor-element-c7ac408 elementor-widget elementor-widget-text-editor\" data-id=\"c7ac408\" data-element_type=\"widget\" data-e-type=\"widget\" data-widget_type=\"text-editor.default\">\n\t\t\t\t<div class=\"elementor-widget-container\">\n\t\t\t\t\t\t\t\t\t<p>\u00a0<\/p><p><span style=\"color: #99b5c1;\"><strong>23.1.2026\u00a0 \u00a0<\/strong><span style=\"color: #e1e7e8;\">Peto -video on nyt ulkona! Katso video alta tai<\/span> <a href=\"https:\/\/www.youtube.com\/@Kirkeband\" target=\"_blank\" rel=\"noopener\">Youtubesta<span style=\"color: #e1e7e8;\">.<\/span><\/a><\/span><\/p>\t\t\t\t\t\t\t\t<\/div>\n\t\t\t\t<\/div>\n\t\t<div class=\"elementor-element elementor-element-7c66926 e-con-full e-flex e-con e-child\" data-id=\"7c66926\" data-element_type=\"container\" data-e-type=\"container\">\n\t\t\t\t<div class=\"elementor-element elementor-element-87fd885 elementor-widget__width-inherit elementor-widget elementor-widget-video\" data-id=\"87fd885\" data-element_type=\"widget\" data-e-type=\"widget\" data-settings=\"{&quot;youtube_url&quot;:&quot;https:\\\/\\\/youtu.be\\\/7tIer9F0PcU?si=1Avv3engIpHWqsQT&quot;,&quot;video_type&quot;:&quot;youtube&quot;,&quot;controls&quot;:&quot;yes&quot;}\" data-widget_type=\"video.default\">\n\t\t\t\t<div class=\"elementor-widget-container\">\n\t\t\t\t\t\t\t<div class=\"elementor-wrapper elementor-open-inline\">\n\t\t\t<div class=\"elementor-video\"><\/div>\t\t<\/div>\n\t\t\t\t\t\t<\/div>\n\t\t\t\t<\/div>\n\t\t\t\t<\/div>\n\t\t\t\t<div class=\"elementor-element elementor-element-8baba0a elementor-widget elementor-widget-text-editor\" data-id=\"8baba0a\" data-element_type=\"widget\" data-e-type=\"widget\" data-widget_type=\"text-editor.default\">\n\t\t\t\t<div class=\"elementor-widget-container\">\n\t\t\t\t\t\t\t\t\t<p>\u00a0<\/p><p><strong><span style=\"color: #99b5c1;\">9.1.2026 \u00a0 \u00a0<\/span><\/strong><span style=\"color: #99b5c1;\">\u00a0<\/span><span style=\"color: #99b5c1;\"><span style=\"color: #e1e7e8;\">Uusi singlemme Peto on julkaistu! Kuuntele <a href=\"https:\/\/open.spotify.com\/album\/7niK1ymYgdxOEit02p9pYR?si=SyYMpOf1QQKaEfIXk3vGuA\" target=\"_blank\" rel=\"noopener\">Spotifyss\u00e4<\/a>, <a href=\"https:\/\/kirkefinland.bandcamp.com\/album\/peto\" target=\"_blank\" rel=\"noopener\">Bandcampissa<\/a> tai <a href=\"https:\/\/app.lingonperry.com\/album\/7c68e8f7-81e9-41e0-8dc7-55a505a32215\" target=\"_blank\" rel=\"noopener\">Lingonperryss\u00e4<\/a>.<\/span><\/span><\/p><p><iframe style=\"border-radius: 12px;\" src=\"https:\/\/open.spotify.com\/embed\/album\/7niK1ymYgdxOEit02p9pYR?utm_source=generator\" width=\"100%\" height=\"352\" frameborder=\"0\" allowfullscreen=\"allowfullscreen\" data-testid=\"embed-iframe\"><\/iframe><\/p><p><span style=\"color: #e1e7e8; font-size: 16px;\">\u00a0<\/span><\/p>\t\t\t\t\t\t\t\t<\/div>\n\t\t\t\t<\/div>\n\t\t\t\t<\/div>\n\t\t\t\t<\/div>\n\t\t<div class=\"elementor-element elementor-element-801f5fb e-con-full e-flex e-con e-parent\" data-id=\"801f5fb\" data-element_type=\"container\" data-e-type=\"container\" id=\"keikat\" data-settings=\"{&quot;background_background&quot;:&quot;classic&quot;}\">\n\t\t\t\t<div class=\"elementor-element elementor-element-307d3d7 elementor-widget elementor-widget-heading\" data-id=\"307d3d7\" data-element_type=\"widget\" data-e-type=\"widget\" id=\"keikat\" data-widget_type=\"heading.default\">\n\t\t\t\t<div class=\"elementor-widget-container\">\n\t\t\t\t\t<h2 class=\"elementor-heading-title elementor-size-default\">KEIKAT\n<\/h2>\t\t\t\t<\/div>\n\t\t\t\t<\/div>\n\t\t\t\t<\/div>\n\t\t<div class=\"elementor-element elementor-element-05127b4 e-flex e-con-boxed e-con e-parent\" data-id=\"05127b4\" data-element_type=\"container\" data-e-type=\"container\">\n\t\t\t\t\t<div class=\"e-con-inner\">\n\t\t\t\t\t<\/div>\n\t\t\t\t<\/div>\n\t\t<div class=\"elementor-element elementor-element-413da9a e-grid e-con-boxed e-con e-parent\" data-id=\"413da9a\" data-element_type=\"container\" data-e-type=\"container\">\n\t\t\t\t\t<div class=\"e-con-inner\">\n\t\t\t\t<div class=\"elementor-element elementor-element-e391c18 elementor-widget elementor-widget-text-editor\" data-id=\"e391c18\" data-element_type=\"widget\" data-e-type=\"widget\" data-widget_type=\"text-editor.default\">\n\t\t\t\t<div class=\"elementor-widget-container\">\n\t\t\t\t\t\t\t\t\t<p>18.4.2026<\/p>\t\t\t\t\t\t\t\t<\/div>\n\t\t\t\t<\/div>\n\t\t\t\t<div class=\"elementor-element elementor-element-068367a elementor-widget elementor-widget-text-editor\" data-id=\"068367a\" data-element_type=\"widget\" data-e-type=\"widget\" data-widget_type=\"text-editor.default\">\n\t\t\t\t<div class=\"elementor-widget-container\">\n\t\t\t\t\t\t\t\t\t<p><a href=\"https:\/\/www.facebook.com\/p\/Pub-Parantola-61551898538966\/\" target=\"_blank\" rel=\"noopener\">Pub Parantola<\/a>, R\u00f6ykk\u00e4<\/p>\t\t\t\t\t\t\t\t<\/div>\n\t\t\t\t<\/div>\n\t\t\t\t<div class=\"elementor-element elementor-element-4e19cda elementor-widget elementor-widget-text-editor\" data-id=\"4e19cda\" data-element_type=\"widget\" data-e-type=\"widget\" data-widget_type=\"text-editor.default\">\n\t\t\t\t<div class=\"elementor-widget-container\">\n\t\t\t\t\t\t\t\t\t<p>w\/<a href=\"https:\/\/www.kamalaband.fi\/\" target=\"_blank\" rel=\"noopener\">Kamala<\/a><\/p>\t\t\t\t\t\t\t\t<\/div>\n\t\t\t\t<\/div>\n\t\t\t\t<div class=\"elementor-element elementor-element-10d4179 elementor-widget elementor-widget-text-editor\" data-id=\"10d4179\" data-element_type=\"widget\" data-e-type=\"widget\" data-widget_type=\"text-editor.default\">\n\t\t\t\t<div class=\"elementor-widget-container\">\n\t\t\t\t\t\t\t\t\t<h1>\u00a0<\/h1>\t\t\t\t\t\t\t\t<\/div>\n\t\t\t\t<\/div>\n\t\t\t\t<div class=\"elementor-element elementor-element-e82890a elementor-widget elementor-widget-text-editor\" data-id=\"e82890a\" data-element_type=\"widget\" data-e-type=\"widget\" data-widget_type=\"text-editor.default\">\n\t\t\t\t<div class=\"elementor-widget-container\">\n\t\t\t\t\t\t\t\t\t<p>30.5.2026<\/p>\t\t\t\t\t\t\t\t<\/div>\n\t\t\t\t<\/div>\n\t\t\t\t<div class=\"elementor-element elementor-element-c4fea38 elementor-widget elementor-widget-text-editor\" data-id=\"c4fea38\" data-element_type=\"widget\" data-e-type=\"widget\" data-widget_type=\"text-editor.default\">\n\t\t\t\t<div class=\"elementor-widget-container\">\n\t\t\t\t\t\t\t\t\t<p><a href=\"https:\/\/ravintolapoppari.fi\/\" target=\"_blank\" rel=\"noopener\">Poppari<\/a>, Jyv\u00e4skyl\u00e4<\/p>\t\t\t\t\t\t\t\t<\/div>\n\t\t\t\t<\/div>\n\t\t\t\t<div class=\"elementor-element elementor-element-cef1127 elementor-widget elementor-widget-text-editor\" data-id=\"cef1127\" data-element_type=\"widget\" data-e-type=\"widget\" data-widget_type=\"text-editor.default\">\n\t\t\t\t<div class=\"elementor-widget-container\">\n\t\t\t\t\t\t\t\t\t<p>w\/<a href=\"https:\/\/www.kamalaband.fi\/\" target=\"_blank\" rel=\"noopener\">Kamala<\/a><\/p>\t\t\t\t\t\t\t\t<\/div>\n\t\t\t\t<\/div>\n\t\t\t\t<div class=\"elementor-element elementor-element-a54cecc elementor-widget elementor-widget-text-editor\" data-id=\"a54cecc\" data-element_type=\"widget\" data-e-type=\"widget\" data-widget_type=\"text-editor.default\">\n\t\t\t\t<div class=\"elementor-widget-container\">\n\t\t\t\t\t\t\t\t\t<h1>\u00a0<\/h1>\t\t\t\t\t\t\t\t<\/div>\n\t\t\t\t<\/div>\n\t\t\t\t<div class=\"elementor-element elementor-element-4265712 elementor-widget elementor-widget-text-editor\" data-id=\"4265712\" data-element_type=\"widget\" data-e-type=\"widget\" data-widget_type=\"text-editor.default\">\n\t\t\t\t<div class=\"elementor-widget-container\">\n\t\t\t\t\t\t\t\t\t<p>12.6.2026<\/p>\t\t\t\t\t\t\t\t<\/div>\n\t\t\t\t<\/div>\n\t\t\t\t<div class=\"elementor-element elementor-element-e96d33a elementor-widget elementor-widget-text-editor\" data-id=\"e96d33a\" data-element_type=\"widget\" data-e-type=\"widget\" data-widget_type=\"text-editor.default\">\n\t\t\t\t<div class=\"elementor-widget-container\">\n\t\t\t\t\t\t\t\t\t<p><a href=\"https:\/\/www.mustakorppi.fi\/\" target=\"_blank\" rel=\"noopener\">Mustan Korpin Saluuna<\/a>, Laukaa<\/p>\t\t\t\t\t\t\t\t<\/div>\n\t\t\t\t<\/div>\n\t\t\t\t<div class=\"elementor-element elementor-element-68f79c4 elementor-widget elementor-widget-text-editor\" data-id=\"68f79c4\" data-element_type=\"widget\" data-e-type=\"widget\" data-widget_type=\"text-editor.default\">\n\t\t\t\t<div class=\"elementor-widget-container\">\n\t\t\t\t\t\t\t\t\t<p><a href=\"https:\/\/korppifest.fi\/\" target=\"_blank\" rel=\"noopener\">Hard Rock Korppi 2026<\/a><\/p>\t\t\t\t\t\t\t\t<\/div>\n\t\t\t\t<\/div>\n\t\t\t\t\t<\/div>\n\t\t\t\t<\/div>\n\t\t<div class=\"elementor-element elementor-element-4388a21 e-con-full e-flex e-con e-parent\" data-id=\"4388a21\" data-element_type=\"container\" data-e-type=\"container\" data-settings=\"{&quot;background_background&quot;:&quot;classic&quot;}\">\n\t\t\t\t<div class=\"elementor-element elementor-element-b1ac69b elementor-widget elementor-widget-heading\" data-id=\"b1ac69b\" data-element_type=\"widget\" data-e-type=\"widget\" id=\"bandi\" data-widget_type=\"heading.default\">\n\t\t\t\t<div class=\"elementor-widget-container\">\n\t\t\t\t\t<h1 class=\"elementor-heading-title elementor-size-default\">KIRKE<\/h1>\t\t\t\t<\/div>\n\t\t\t\t<\/div>\n\t\t\t\t<div class=\"elementor-element elementor-element-288ef1b elementor-widget elementor-widget-text-editor\" data-id=\"288ef1b\" data-element_type=\"widget\" data-e-type=\"widget\" data-widget_type=\"text-editor.default\">\n\t\t\t\t<div class=\"elementor-widget-container\">\n\t\t\t\t\t\t\t\t\t<p><span style=\"font-weight: 400;\">Kirke on vuonna 2024 perustettu, genrerajoja venyttelev\u00e4 rock-\/punk-\/metalliyhtye. B\u00e4ndin uniikissa soundissa on vaikutteita punkin asenteesta, 90-luvun metallin intensiivisyydest\u00e4 sek\u00e4 pop-musiikin tarttuvuudesta. Yhtyeen kappaleet rakentuvat ep\u00e4miellytt\u00e4vi\u00e4 totuuksia sylkevien sanoitusten, raskaiden riffien sek\u00e4 sinfonisten ja elokuvallisten melodioiden ymp\u00e4rille.\u00a0 Jos Testament ja PMMP saisivat kapinallisen j\u00e4lkel\u00e4isen, t\u00e4m\u00e4 j\u00e4lkel\u00e4inen olisi Kirke.\u00a0<\/span><\/p><p><span style=\"color: #e1e7e8;\">J\u00e4ms\u00e4nkoskelainen Kirke on yht\u00e4 kuin Sami Boman (koskettimet), Juho Vuorenp\u00e4\u00e4 (kitara), Toni Lahtinen (kitara), Kari Hietanen (basso), Miia Itkonen (vokaalit) sek\u00e4 Janne Ojala (rummut).\u00a0<\/span><\/p><p><span style=\"color: #e1e7e8;\"><img fetchpriority=\"high\" decoding=\"async\" class=\"alignnone wp-image-1218 size-large\" src=\"https:\/\/kirkeband.fi\/wp-content\/uploads\/2025\/12\/Kirke_18112025_3_2000px-1024x682.jpg\" alt=\"Kirke b\u00e4ndin ryhm\u00e4kuva\" width=\"1024\" height=\"682\" \/><\/span><\/p>\t\t\t\t\t\t\t\t<\/div>\n\t\t\t\t<\/div>\n\t\t\t\t<div class=\"elementor-element elementor-element-dff61e8 elementor-widget elementor-widget-heading\" data-id=\"dff61e8\" data-element_type=\"widget\" data-e-type=\"widget\" id=\"yhteys\" data-widget_type=\"heading.default\">\n\t\t\t\t<div class=\"elementor-widget-container\">\n\t\t\t\t\t<h2 class=\"elementor-heading-title elementor-size-default\">YHTEYS<\/h2>\t\t\t\t<\/div>\n\t\t\t\t<\/div>\n\t\t\t\t<div class=\"elementor-element elementor-element-b22af28 elementor-widget elementor-widget-text-editor\" data-id=\"b22af28\" data-element_type=\"widget\" data-e-type=\"widget\" data-widget_type=\"text-editor.default\">\n\t\t\t\t<div class=\"elementor-widget-container\">\n\t\t\t\t\t\t\t\t\t<p><span style=\"color: #e1e7e8;\">kirke(at)kirkeband.fi<\/span><\/p><p><a href=\"https:\/\/kirkeband.fi\/\"><img decoding=\"async\" class=\"alignnone size-full wp-image-643\" src=\"https:\/\/kirkeband.fi\/wp-content\/uploads\/2025\/04\/Kirke_logo_greige-7.webp\" alt=\"\" width=\"50\" height=\"50\" \/><\/a><\/p>\t\t\t\t\t\t\t\t<\/div>\n\t\t\t\t<\/div>\n\t\t\t\t<\/div>\n\t\t<div class=\"elementor-element elementor-element-c6e7ccf e-flex e-con-boxed e-con e-parent\" data-id=\"c6e7ccf\" data-element_type=\"container\" data-e-type=\"container\">\n\t\t\t\t\t<div class=\"e-con-inner\">\n\t\t\t\t\t<\/div>\n\t\t\t\t<\/div>\n\t\t<div class=\"elementor-element elementor-element-79179d5 e-flex e-con-boxed e-con e-parent\" data-id=\"79179d5\" data-element_type=\"container\" data-e-type=\"container\">\n\t\t\t\t\t<div class=\"e-con-inner\">\n\t\t\t\t\t<\/div>\n\t\t\t\t<\/div>\n\t\t<div class=\"elementor-element elementor-element-bef5db7 e-flex e-con-boxed e-con e-parent\" data-id=\"bef5db7\" data-element_type=\"container\" data-e-type=\"container\">\n\t\t\t\t\t<div class=\"e-con-inner\">\n\t\t\t\t\t<\/div>\n\t\t\t\t<\/div>\n\t\t\t\t<\/div>\n\t\t","protected":false},"excerpt":{"rendered":"<p>UUTISET 7.4.2026\u00a0 \u00a0 \u00a0Tuore singlemme Demoni on nyt ulkona! Kuuntele!\u00a0 https:\/\/www.youtube.com\/watch?v=ZJWRsb-Pk6c \u00a0 23.1.2026\u00a0 \u00a0Peto -video on nyt ulkona! Katso video [&hellip;]<\/p>\n","protected":false},"author":1,"featured_media":0,"parent":0,"menu_order":0,"comment_status":"closed","ping_status":"closed","template":"","meta":{"site-sidebar-layout":"default","site-content-layout":"","ast-site-content-layout":"default","site-content-style":"default","site-sidebar-style":"default","ast-global-header-display":"","ast-banner-title-visibility":"","ast-main-header-display":"","ast-hfb-above-header-display":"","ast-hfb-below-header-display":"","ast-hfb-mobile-header-display":"","site-post-title":"","ast-breadcrumbs-content":"","ast-featured-img":"","footer-sml-layout":"","ast-disable-related-posts":"","theme-transparent-header-meta":"","adv-header-id-meta":"","stick-header-meta":"","header-above-stick-meta":"","header-main-stick-meta":"","header-below-stick-meta":"","astra-migrate-meta-layouts":"default","ast-page-background-enabled":"default","ast-page-background-meta":{"desktop":{"background-color":"var(--ast-global-color-5)","background-image":"","background-repeat":"repeat","background-position":"center center","background-size":"auto","background-attachment":"scroll","background-type":"","background-media":"","overlay-type":"","overlay-color":"","overlay-opacity":"","overlay-gradient":""},"tablet":{"background-color":"","background-image":"","background-repeat":"repeat","background-position":"center center","background-size":"auto","background-attachment":"scroll","background-type":"","background-media":"","overlay-type":"","overlay-color":"","overlay-opacity":"","overlay-gradient":""},"mobile":{"background-color":"","background-image":"","background-repeat":"repeat","background-position":"center center","background-size":"auto","background-attachment":"scroll","background-type":"","background-media":"","overlay-type":"","overlay-color":"","overlay-opacity":"","overlay-gradient":""}},"ast-content-background-meta":{"desktop":{"background-color":"var(--ast-global-color-4)","background-image":"","background-repeat":"repeat","background-position":"center center","background-size":"auto","background-attachment":"scroll","background-type":"","background-media":"","overlay-type":"","overlay-color":"","overlay-opacity":"","overlay-gradient":""},"tablet":{"background-color":"var(--ast-global-color-4)","background-image":"","background-repeat":"repeat","background-position":"center center","background-size":"auto","background-attachment":"scroll","background-type":"","background-media":"","overlay-type":"","overlay-color":"","overlay-opacity":"","overlay-gradient":""},"mobile":{"background-color":"var(--ast-global-color-4)","background-image":"","background-repeat":"repeat","background-position":"center center","background-size":"auto","background-attachment":"scroll","background-type":"","background-media":"","overlay-type":"","overlay-color":"","overlay-opacity":"","overlay-gradient":""}},"footnotes":""},"class_list":["post-19","page","type-page","status-publish","hentry"],"yoast_head":"<!-- This site is optimized with the Yoast SEO plugin v27.3 - https:\/\/yoast.com\/product\/yoast-seo-wordpress\/ -->\n<title>Kirke - KIRKE<\/title>\n<meta name=\"robots\" content=\"index, follow, max-snippet:-1, max-image-preview:large, max-video-preview:-1\" \/>\n<link rel=\"canonical\" href=\"https:\/\/kirkeband.fi\/\" \/>\n<meta property=\"og:locale\" content=\"fi_FI\" \/>\n<meta property=\"og:type\" content=\"article\" \/>\n<meta property=\"og:title\" content=\"Kirke - KIRKE\" \/>\n<meta property=\"og:description\" content=\"UUTISET 7.4.2026\u00a0 \u00a0 \u00a0Tuore singlemme Demoni on nyt ulkona! Kuuntele!\u00a0 https:\/\/www.youtube.com\/watch?v=ZJWRsb-Pk6c \u00a0 23.1.2026\u00a0 \u00a0Peto -video on nyt ulkona! Katso video [&hellip;]\" \/>\n<meta property=\"og:url\" content=\"https:\/\/kirkeband.fi\/\" \/>\n<meta property=\"og:site_name\" content=\"KIRKE\" \/>\n<meta property=\"article:modified_time\" content=\"2026-04-07T08:32:31+00:00\" \/>\n<meta property=\"og:image\" content=\"https:\/\/kirkeband.fi\/wp-content\/uploads\/2025\/12\/Kirke_18112025_3_2000px-1024x682.jpg\" \/>\n<meta name=\"twitter:card\" content=\"summary_large_image\" \/>\n<meta name=\"twitter:label1\" content=\"Arvioitu lukuaika\" \/>\n\t<meta name=\"twitter:data1\" content=\"2 minuuttia\" \/>\n<script type=\"application\/ld+json\" class=\"yoast-schema-graph\">{\"@context\":\"https:\\\/\\\/schema.org\",\"@graph\":[{\"@type\":\"WebPage\",\"@id\":\"https:\\\/\\\/kirkeband.fi\\\/\",\"url\":\"https:\\\/\\\/kirkeband.fi\\\/\",\"name\":\"Kirke - KIRKE\",\"isPartOf\":{\"@id\":\"https:\\\/\\\/kirkeband.fi\\\/#website\"},\"primaryImageOfPage\":{\"@id\":\"https:\\\/\\\/kirkeband.fi\\\/#primaryimage\"},\"image\":{\"@id\":\"https:\\\/\\\/kirkeband.fi\\\/#primaryimage\"},\"thumbnailUrl\":\"https:\\\/\\\/kirkeband.fi\\\/wp-content\\\/uploads\\\/2025\\\/12\\\/Kirke_18112025_3_2000px-1024x682.jpg\",\"datePublished\":\"2025-03-06T10:39:33+00:00\",\"dateModified\":\"2026-04-07T08:32:31+00:00\",\"breadcrumb\":{\"@id\":\"https:\\\/\\\/kirkeband.fi\\\/#breadcrumb\"},\"inLanguage\":\"fi\",\"potentialAction\":[{\"@type\":\"ReadAction\",\"target\":[\"https:\\\/\\\/kirkeband.fi\\\/\"]}]},{\"@type\":\"ImageObject\",\"inLanguage\":\"fi\",\"@id\":\"https:\\\/\\\/kirkeband.fi\\\/#primaryimage\",\"url\":\"https:\\\/\\\/kirkeband.fi\\\/wp-content\\\/uploads\\\/2025\\\/12\\\/Kirke_18112025_3_2000px.webp\",\"contentUrl\":\"https:\\\/\\\/kirkeband.fi\\\/wp-content\\\/uploads\\\/2025\\\/12\\\/Kirke_18112025_3_2000px.webp\",\"width\":1920,\"height\":1280,\"caption\":\"Kirke b\u00e4ndin ryhm\u00e4kuva\"},{\"@type\":\"BreadcrumbList\",\"@id\":\"https:\\\/\\\/kirkeband.fi\\\/#breadcrumb\",\"itemListElement\":[{\"@type\":\"ListItem\",\"position\":1,\"name\":\"Etusivu\",\"item\":\"https:\\\/\\\/kirkeband.fi\\\/\"},{\"@type\":\"ListItem\",\"position\":2,\"name\":\"Kirke\"}]},{\"@type\":\"WebSite\",\"@id\":\"https:\\\/\\\/kirkeband.fi\\\/#website\",\"url\":\"https:\\\/\\\/kirkeband.fi\\\/\",\"name\":\"KIRKE\",\"description\":\"\",\"publisher\":{\"@id\":\"https:\\\/\\\/kirkeband.fi\\\/#organization\"},\"potentialAction\":[{\"@type\":\"SearchAction\",\"target\":{\"@type\":\"EntryPoint\",\"urlTemplate\":\"https:\\\/\\\/kirkeband.fi\\\/?s={search_term_string}\"},\"query-input\":{\"@type\":\"PropertyValueSpecification\",\"valueRequired\":true,\"valueName\":\"search_term_string\"}}],\"inLanguage\":\"fi\"},{\"@type\":\"Organization\",\"@id\":\"https:\\\/\\\/kirkeband.fi\\\/#organization\",\"name\":\"KIRKE\",\"url\":\"https:\\\/\\\/kirkeband.fi\\\/\",\"logo\":{\"@type\":\"ImageObject\",\"inLanguage\":\"fi\",\"@id\":\"https:\\\/\\\/kirkeband.fi\\\/#\\\/schema\\\/logo\\\/image\\\/\",\"url\":\"https:\\\/\\\/kirkeband.fi\\\/wp-content\\\/uploads\\\/2025\\\/03\\\/Kirke-logo-120-valkoinen.png\",\"contentUrl\":\"https:\\\/\\\/kirkeband.fi\\\/wp-content\\\/uploads\\\/2025\\\/03\\\/Kirke-logo-120-valkoinen.png\",\"width\":120,\"height\":120,\"caption\":\"KIRKE\"},\"image\":{\"@id\":\"https:\\\/\\\/kirkeband.fi\\\/#\\\/schema\\\/logo\\\/image\\\/\"},\"sameAs\":[\"https:\\\/\\\/www.instagram.com\\\/kirkeband\\\/\"]}]}<\/script>\n<!-- \/ Yoast SEO plugin. -->","yoast_head_json":{"title":"Kirke - KIRKE","robots":{"index":"index","follow":"follow","max-snippet":"max-snippet:-1","max-image-preview":"max-image-preview:large","max-video-preview":"max-video-preview:-1"},"canonical":"https:\/\/kirkeband.fi\/","og_locale":"fi_FI","og_type":"article","og_title":"Kirke - KIRKE","og_description":"UUTISET 7.4.2026\u00a0 \u00a0 \u00a0Tuore singlemme Demoni on nyt ulkona! Kuuntele!\u00a0 https:\/\/www.youtube.com\/watch?v=ZJWRsb-Pk6c \u00a0 23.1.2026\u00a0 \u00a0Peto -video on nyt ulkona! Katso video [&hellip;]","og_url":"https:\/\/kirkeband.fi\/","og_site_name":"KIRKE","article_modified_time":"2026-04-07T08:32:31+00:00","og_image":[{"url":"https:\/\/kirkeband.fi\/wp-content\/uploads\/2025\/12\/Kirke_18112025_3_2000px-1024x682.jpg","type":"","width":"","height":""}],"twitter_card":"summary_large_image","twitter_misc":{"Arvioitu lukuaika":"2 minuuttia"},"schema":{"@context":"https:\/\/schema.org","@graph":[{"@type":"WebPage","@id":"https:\/\/kirkeband.fi\/","url":"https:\/\/kirkeband.fi\/","name":"Kirke - KIRKE","isPartOf":{"@id":"https:\/\/kirkeband.fi\/#website"},"primaryImageOfPage":{"@id":"https:\/\/kirkeband.fi\/#primaryimage"},"image":{"@id":"https:\/\/kirkeband.fi\/#primaryimage"},"thumbnailUrl":"https:\/\/kirkeband.fi\/wp-content\/uploads\/2025\/12\/Kirke_18112025_3_2000px-1024x682.jpg","datePublished":"2025-03-06T10:39:33+00:00","dateModified":"2026-04-07T08:32:31+00:00","breadcrumb":{"@id":"https:\/\/kirkeband.fi\/#breadcrumb"},"inLanguage":"fi","potentialAction":[{"@type":"ReadAction","target":["https:\/\/kirkeband.fi\/"]}]},{"@type":"ImageObject","inLanguage":"fi","@id":"https:\/\/kirkeband.fi\/#primaryimage","url":"https:\/\/kirkeband.fi\/wp-content\/uploads\/2025\/12\/Kirke_18112025_3_2000px.webp","contentUrl":"https:\/\/kirkeband.fi\/wp-content\/uploads\/2025\/12\/Kirke_18112025_3_2000px.webp","width":1920,"height":1280,"caption":"Kirke b\u00e4ndin ryhm\u00e4kuva"},{"@type":"BreadcrumbList","@id":"https:\/\/kirkeband.fi\/#breadcrumb","itemListElement":[{"@type":"ListItem","position":1,"name":"Etusivu","item":"https:\/\/kirkeband.fi\/"},{"@type":"ListItem","position":2,"name":"Kirke"}]},{"@type":"WebSite","@id":"https:\/\/kirkeband.fi\/#website","url":"https:\/\/kirkeband.fi\/","name":"KIRKE","description":"","publisher":{"@id":"https:\/\/kirkeband.fi\/#organization"},"potentialAction":[{"@type":"SearchAction","target":{"@type":"EntryPoint","urlTemplate":"https:\/\/kirkeband.fi\/?s={search_term_string}"},"query-input":{"@type":"PropertyValueSpecification","valueRequired":true,"valueName":"search_term_string"}}],"inLanguage":"fi"},{"@type":"Organization","@id":"https:\/\/kirkeband.fi\/#organization","name":"KIRKE","url":"https:\/\/kirkeband.fi\/","logo":{"@type":"ImageObject","inLanguage":"fi","@id":"https:\/\/kirkeband.fi\/#\/schema\/logo\/image\/","url":"https:\/\/kirkeband.fi\/wp-content\/uploads\/2025\/03\/Kirke-logo-120-valkoinen.png","contentUrl":"https:\/\/kirkeband.fi\/wp-content\/uploads\/2025\/03\/Kirke-logo-120-valkoinen.png","width":120,"height":120,"caption":"KIRKE"},"image":{"@id":"https:\/\/kirkeband.fi\/#\/schema\/logo\/image\/"},"sameAs":["https:\/\/www.instagram.com\/kirkeband\/"]}]}},"_links":{"self":[{"href":"https:\/\/kirkeband.fi\/index.php?rest_route=\/wp\/v2\/pages\/19","targetHints":{"allow":["GET"]}}],"collection":[{"href":"https:\/\/kirkeband.fi\/index.php?rest_route=\/wp\/v2\/pages"}],"about":[{"href":"https:\/\/kirkeband.fi\/index.php?rest_route=\/wp\/v2\/types\/page"}],"author":[{"embeddable":true,"href":"https:\/\/kirkeband.fi\/index.php?rest_route=\/wp\/v2\/users\/1"}],"replies":[{"embeddable":true,"href":"https:\/\/kirkeband.fi\/index.php?rest_route=%2Fwp%2Fv2%2Fcomments&post=19"}],"version-history":[{"count":1373,"href":"https:\/\/kirkeband.fi\/index.php?rest_route=\/wp\/v2\/pages\/19\/revisions"}],"predecessor-version":[{"id":1730,"href":"https:\/\/kirkeband.fi\/index.php?rest_route=\/wp\/v2\/pages\/19\/revisions\/1730"}],"wp:attachment":[{"href":"https:\/\/kirkeband.fi\/index.php?rest_route=%2Fwp%2Fv2%2Fmedia&parent=19"}],"curies":[{"name":"wp","href":"https:\/\/api.w.org\/{rel}","templated":true}]}}